{"id":558,"date":"2017-09-12T12:49:40","date_gmt":"2017-09-12T10:49:40","guid":{"rendered":"http:\/\/www.kehrwieder-retriever.de\/?page_id=558"},"modified":"2025-10-29T14:29:20","modified_gmt":"2025-10-29T13:29:20","slug":"ueber-uns","status":"publish","type":"page","link":"https:\/\/www.kehrwieder-retriever.de\/?page_id=558","title":{"rendered":"\u00dcber uns"},"content":{"rendered":"<p><a href=\"https:\/\/www.kehrwieder-retriever.de\/wp-content\/uploads\/2025\/10\/D3_8948-scaled.jpg\"><img loading=\"lazy\" decoding=\"async\" class=\"alignnone  wp-image-1654\" src=\"https:\/\/www.kehrwieder-retriever.de\/wp-content\/uploads\/2025\/10\/D3_8948-scaled.jpg\" alt=\"\" width=\"485\" height=\"728\" srcset=\"https:\/\/www.kehrwieder-retriever.de\/wp-content\/uploads\/2025\/10\/D3_8948-scaled.jpg 1707w, https:\/\/www.kehrwieder-retriever.de\/wp-content\/uploads\/2025\/10\/D3_8948-200x300.jpg 200w, https:\/\/www.kehrwieder-retriever.de\/wp-content\/uploads\/2025\/10\/D3_8948-683x1024.jpg 683w, https:\/\/www.kehrwieder-retriever.de\/wp-content\/uploads\/2025\/10\/D3_8948-768x1152.jpg 768w, https:\/\/www.kehrwieder-retriever.de\/wp-content\/uploads\/2025\/10\/D3_8948-1024x1536.jpg 1024w, https:\/\/www.kehrwieder-retriever.de\/wp-content\/uploads\/2025\/10\/D3_8948-1365x2048.jpg 1365w\" sizes=\"auto, (max-width: 485px) 100vw, 485px\" \/><\/a><\/p>\n<p>Unsere Familie besteht aus meinem Mann und mir, unseren Kindern und dem tierischen Anhang.<\/p>\n<p>Dazu geh\u00f6ren aktuell unsere Hunde Nike (Curly-coated Retriever),\u00a0 Rala (Labrador Retriever) und Fee (Labrador Retriever)<\/p>\n<p>und unsere\u00a0 Katzen Toffee, Mo, Stella (Burma) und Spider (Bengale).<\/p>\n<p><a href=\"https:\/\/www.kehrwieder-retriever.de\/wp-content\/uploads\/2017\/09\/20170105_150140.jpg\"><img loading=\"lazy\" decoding=\"async\" class=\"alignnone wp-image-644\" src=\"https:\/\/www.kehrwieder-retriever.de\/wp-content\/uploads\/2017\/09\/20170105_150140.jpg\" alt=\"\" width=\"180\" height=\"101\" srcset=\"https:\/\/www.kehrwieder-retriever.de\/wp-content\/uploads\/2017\/09\/20170105_150140.jpg 4608w, https:\/\/www.kehrwieder-retriever.de\/wp-content\/uploads\/2017\/09\/20170105_150140-300x169.jpg 300w, https:\/\/www.kehrwieder-retriever.de\/wp-content\/uploads\/2017\/09\/20170105_150140-768x432.jpg 768w, https:\/\/www.kehrwieder-retriever.de\/wp-content\/uploads\/2017\/09\/20170105_150140-1024x576.jpg 1024w\" sizes=\"auto, (max-width: 180px) 100vw, 180px\" \/><\/a><\/p>\n<p>Ich arbeite als selbstst\u00e4ndige Tier\u00e4rztin nordwestlich von Hamburg und meine Hunde sind meistens mit mir zusammen unterwegs.<\/p>\n<p>Seit meinem Studium in Hannover bin ich auch in der Rettungshundearbeit aktiv und Rala ist mittlerweile der 3. Hund, den ich als Rettungshund ausgebildet habe und regelm\u00e4\u00dfig auf Eins\u00e4tzen f\u00fchre.<\/p>\n<p>Mit meiner ersten eigenen H\u00fcndin Lotta, einem Border-Collie\/Golden Retriever-Mix habe ich neben der Rettungshundearbeit auch die Dummyarbeit kennengelernt und es war schnell klar, dass bei uns ein Retriever als Zweithund einzieht.<\/p>\n<p>Flicka, unsere Curly-H\u00fcndin zog 2010 bei uns ein und wir haben diese ziemlich spontane Entscheidung nie bereut. Flicka ist bei uns zuhause der Ruhepol und nach Lottas Tod 2014 war schnell klar, dass ein zweiter Hund mit viel Power unser Rudel erg\u00e4nzen soll.<\/p>\n<p>Nach einiger Suche fanden wir den Zwinger Loreca&#8217;s aus dem wir Rala bekommen haben.<\/p>\n<p>Mit ihrem Einzug bei uns kam auch der Gedanke an eine Zucht auf und mit der Zeit und Ralas toller Entwicklung festigte sich dieser immer weiter.<\/p>\n<p>Wir freuen uns auf dieses neues Projekt und sind sehr gespannt, was die Zukunft noch bringt!<\/p>\n","protected":false},"excerpt":{"rendered":"<p>Unsere Familie besteht aus meinem Mann und mir, unseren Kindern und dem tierischen Anhang. Dazu geh\u00f6ren aktuell unsere Hunde Nike (Curly-coated Retriever),\u00a0 Rala (Labrador Retriever) und Fee (Labrador Retriever) und unsere\u00a0 Katzen Toffee, Mo, Stella (Burma) und Spider (Bengale). Ich arbeite als selbstst\u00e4ndige Tier\u00e4rztin nordwestlich von Hamburg und meine Hunde sind meistens mit mir zusammen &hellip; <\/p>\n<p><a class=\"more-link block-button\" href=\"https:\/\/www.kehrwieder-retriever.de\/?page_id=558\">Weiterlesen &raquo;<\/a><\/p>\n","protected":false},"author":1,"featured_media":0,"parent":0,"menu_order":0,"comment_status":"closed","ping_status":"closed","template":"","meta":{"footnotes":""},"class_list":["post-558","page","type-page","status-publish","hentry","nodate"],"_links":{"self":[{"href":"https:\/\/www.kehrwieder-retriever.de\/index.php?rest_route=\/wp\/v2\/pages\/558","targetHints":{"allow":["GET"]}}],"collection":[{"href":"https:\/\/www.kehrwieder-retriever.de\/index.php?rest_route=\/wp\/v2\/pages"}],"about":[{"href":"https:\/\/www.kehrwieder-retriever.de\/index.php?rest_route=\/wp\/v2\/types\/page"}],"author":[{"embeddable":true,"href":"https:\/\/www.kehrwieder-retriever.de\/index.php?rest_route=\/wp\/v2\/users\/1"}],"replies":[{"embeddable":true,"href":"https:\/\/www.kehrwieder-retriever.de\/index.php?rest_route=%2Fwp%2Fv2%2Fcomments&post=558"}],"version-history":[{"count":8,"href":"https:\/\/www.kehrwieder-retriever.de\/index.php?rest_route=\/wp\/v2\/pages\/558\/revisions"}],"predecessor-version":[{"id":1679,"href":"https:\/\/www.kehrwieder-retriever.de\/index.php?rest_route=\/wp\/v2\/pages\/558\/revisions\/1679"}],"wp:attachment":[{"href":"https:\/\/www.kehrwieder-retriever.de\/index.php?rest_route=%2Fwp%2Fv2%2Fmedia&parent=558"}],"curies":[{"name":"wp","href":"https:\/\/api.w.org\/{rel}","templated":true}]}}