{"id":23,"date":"2017-09-12T13:18:20","date_gmt":"2017-09-12T11:18:20","guid":{"rendered":"http:\/\/www.tierverhaltenszentrum.de\/?page_id=23"},"modified":"2024-06-06T20:51:15","modified_gmt":"2024-06-06T18:51:15","slug":"flicka","status":"publish","type":"page","link":"https:\/\/www.kehrwieder-retriever.de\/?page_id=23","title":{"rendered":"Flicka"},"content":{"rendered":"<p><a href=\"https:\/\/www.kehrwieder-retriever.de\/wp-content\/uploads\/2015\/08\/MG_4213-3.jpg\"><img loading=\"lazy\" decoding=\"async\" class=\"alignnone wp-image-94\" src=\"https:\/\/www.kehrwieder-retriever.de\/wp-content\/uploads\/2015\/08\/MG_4213-3.jpg\" alt=\"\" width=\"425\" height=\"283\" srcset=\"https:\/\/www.kehrwieder-retriever.de\/wp-content\/uploads\/2015\/08\/MG_4213-3.jpg 960w, https:\/\/www.kehrwieder-retriever.de\/wp-content\/uploads\/2015\/08\/MG_4213-3-300x200.jpg 300w\" sizes=\"auto, (max-width: 425px) 100vw, 425px\" \/><\/a><\/p>\n<h3><span style=\"color: #999999;\"><strong>Flicka &#8211; Stagfield Gamekeeper&#8217;s As you like it<\/strong><\/span><\/h3>\n<p><span style=\"color: #999999;\"><strong>Rasse: Curly-Coated Retriever<\/strong><\/span><\/p>\n<p><span style=\"color: #999999;\"><strong>Geburtstag: 16. November 2009<\/strong><\/span><\/p>\n<p><span style=\"color: #999999;\"><strong>Gestorben: 14. Januar 2024<\/strong><\/span><\/p>\n<p><span style=\"color: #999999;\"><strong>Rettungshund &#8211; Fl\u00e4che mehrfach gepr\u00fcft nach GemPPO<\/strong><\/span><\/p>\n<p><span style=\"color: #999999;\">seit 2012 im Einsatz als Rettungshund beim ASB-Hamburg Eimsb\u00fcttel<\/span><\/p>\n<p><span style=\"color: #999999;\">Flicka ist etwas Besonderes &#8211;<\/span><\/p>\n<p><span style=\"color: #999999;\">als Curly f\u00e4llt sie \u00fcberall auf und man ist die vielen Kommentare und Fragen schon fast gewohnt.<\/span><\/p>\n<p><span style=\"color: #999999;\">Bei der Suche nach einem Zweithund wollten wir alles richtig machen und haben uns \u00fcber Z\u00fcchter und Hunderassen informiert und uns damals f\u00fcr einen Toller entschieden. Aber dann kam alles anders und beim Stagfields A-Wurf war noch eine H\u00fcndin, die ein Zuhause suchte. Spontan haben wir unsere &#8222;tolle&#8220; Planung \u00fcber den Haufen geworfen und ein kleines Lockenkind zog bei uns ein.<\/span><\/p>\n<p><span style=\"color: #999999;\"><a style=\"color: #999999;\" href=\"https:\/\/www.kehrwieder-retriever.de\/wp-content\/uploads\/2015\/08\/IMG_2425.jpg\"><img loading=\"lazy\" decoding=\"async\" class=\"alignnone wp-image-103\" src=\"https:\/\/www.kehrwieder-retriever.de\/wp-content\/uploads\/2015\/08\/IMG_2425.jpg\" alt=\"\" width=\"159\" height=\"239\" srcset=\"https:\/\/www.kehrwieder-retriever.de\/wp-content\/uploads\/2015\/08\/IMG_2425.jpg 1248w, https:\/\/www.kehrwieder-retriever.de\/wp-content\/uploads\/2015\/08\/IMG_2425-200x300.jpg 200w, https:\/\/www.kehrwieder-retriever.de\/wp-content\/uploads\/2015\/08\/IMG_2425-683x1024.jpg 683w\" sizes=\"auto, (max-width: 159px) 100vw, 159px\" \/><\/a><\/span><\/p>\n<p><span style=\"color: #999999;\">Die Herausforderung einen zweiten Hund auszubilden, nicht zu erwarten, dass alles genauso funktioniert wie beim ersten Mal und dabei auch mal andere Wege zu gehen, dies alles haben Flicka und ich gemeinsam gemeistert.<\/span><\/p>\n<p><span style=\"color: #999999;\">Und auch wenn das manchmal nicht ganz einfach war, sind wir ein super Team geworden und ich kann mich in der Rettungshundearbeit und vor allem in den Eins\u00e4tzen voll auf sie verlassen.<\/span><\/p>\n<p><span style=\"color: #999999;\">Unser &#8222;Hobby&#8220; Dummyarbeit macht Flicka ebenfalls viel Spa\u00df mit einer kleinen Einschr\u00e4nkung. Sie schwimmt einfach nicht besonders gerne und muss sich dazu immer erstmal &#8222;\u00fcberwinden&#8220; bevor sie ins Wasser geht.<\/span><\/p>\n<p><span style=\"color: #999999;\"><a style=\"color: #999999;\" href=\"https:\/\/www.kehrwieder-retriever.de\/wp-content\/uploads\/2015\/08\/IMG_0942.jpg\"><img loading=\"lazy\" decoding=\"async\" class=\"alignnone wp-image-118\" src=\"https:\/\/www.kehrwieder-retriever.de\/wp-content\/uploads\/2015\/08\/IMG_0942.jpg\" alt=\"\" width=\"363\" height=\"242\" srcset=\"https:\/\/www.kehrwieder-retriever.de\/wp-content\/uploads\/2015\/08\/IMG_0942.jpg 800w, https:\/\/www.kehrwieder-retriever.de\/wp-content\/uploads\/2015\/08\/IMG_0942-300x200.jpg 300w\" sizes=\"auto, (max-width: 363px) 100vw, 363px\" \/><\/a><\/span><\/p>\n<p><span style=\"color: #999999;\">Jennifer, vielen Dank f\u00fcr die Kleene braun-orange, die mir so viel beigebracht hat und einfach einzigartig ist!!<\/span><\/p>\n","protected":false},"excerpt":{"rendered":"<p>Flicka &#8211; Stagfield Gamekeeper&#8217;s As you like it Rasse: Curly-Coated Retriever Geburtstag: 16. November 2009 Gestorben: 14. Januar 2024 Rettungshund &#8211; Fl\u00e4che mehrfach gepr\u00fcft nach GemPPO seit 2012 im Einsatz als Rettungshund beim ASB-Hamburg Eimsb\u00fcttel Flicka ist etwas Besonderes &#8211; als Curly f\u00e4llt sie \u00fcberall auf und man ist die vielen Kommentare und Fragen schon &hellip; <\/p>\n<p><a class=\"more-link block-button\" href=\"https:\/\/www.kehrwieder-retriever.de\/?page_id=23\">Weiterlesen &raquo;<\/a><\/p>\n","protected":false},"author":1,"featured_media":0,"parent":560,"menu_order":0,"comment_status":"closed","ping_status":"closed","template":"","meta":{"footnotes":""},"class_list":["post-23","page","type-page","status-publish","hentry","nodate"],"_links":{"self":[{"href":"https:\/\/www.kehrwieder-retriever.de\/index.php?rest_route=\/wp\/v2\/pages\/23","targetHints":{"allow":["GET"]}}],"collection":[{"href":"https:\/\/www.kehrwieder-retriever.de\/index.php?rest_route=\/wp\/v2\/pages"}],"about":[{"href":"https:\/\/www.kehrwieder-retriever.de\/index.php?rest_route=\/wp\/v2\/types\/page"}],"author":[{"embeddable":true,"href":"https:\/\/www.kehrwieder-retriever.de\/index.php?rest_route=\/wp\/v2\/users\/1"}],"replies":[{"embeddable":true,"href":"https:\/\/www.kehrwieder-retriever.de\/index.php?rest_route=%2Fwp%2Fv2%2Fcomments&post=23"}],"version-history":[{"count":6,"href":"https:\/\/www.kehrwieder-retriever.de\/index.php?rest_route=\/wp\/v2\/pages\/23\/revisions"}],"predecessor-version":[{"id":1562,"href":"https:\/\/www.kehrwieder-retriever.de\/index.php?rest_route=\/wp\/v2\/pages\/23\/revisions\/1562"}],"up":[{"embeddable":true,"href":"https:\/\/www.kehrwieder-retriever.de\/index.php?rest_route=\/wp\/v2\/pages\/560"}],"wp:attachment":[{"href":"https:\/\/www.kehrwieder-retriever.de\/index.php?rest_route=%2Fwp%2Fv2%2Fmedia&parent=23"}],"curies":[{"name":"wp","href":"https:\/\/api.w.org\/{rel}","templated":true}]}}