{"id":1348,"date":"2022-04-21T16:48:20","date_gmt":"2022-04-21T14:48:20","guid":{"rendered":"http:\/\/www.kehrwieder-retriever.de\/?page_id=1348"},"modified":"2022-04-26T09:10:12","modified_gmt":"2022-04-26T07:10:12","slug":"c-wurf","status":"publish","type":"page","link":"https:\/\/www.kehrwieder-retriever.de\/?page_id=1348","title":{"rendered":"C &#8211; Wurf"},"content":{"rendered":"\n<p><strong>geboren am 09.11.2021<\/strong><\/p>\n\n\n\n<p>5 R\u00fcden und 3 H\u00fcndinnen (alle gelb)<\/p>\n\n\n\n<p>aus<\/p>\n\n\n\n<div class=\"wp-block-columns is-layout-flex wp-container-core-columns-is-layout-9d6595d7 wp-block-columns-is-layout-flex\">\n<div class=\"wp-block-column is-layout-flow wp-block-column-is-layout-flow\">\n<p>Loreca&#8217;s Curie                                                  <\/p>\n<\/div>\n\n\n\n<div class=\"wp-block-column is-layout-flow wp-block-column-is-layout-flow\">\n<p>          X<\/p>\n<\/div>\n\n\n\n<div class=\"wp-block-column is-layout-flow wp-block-column-is-layout-flow\">\n<p>       Dark Moor&#8217;s Chervil<\/p>\n<\/div>\n<\/div>\n\n\n\n<div class=\"wp-block-columns is-layout-flex wp-container-core-columns-is-layout-9d6595d7 wp-block-columns-is-layout-flex\">\n<div class=\"wp-block-column is-layout-flow wp-block-column-is-layout-flow\" style=\"flex-basis:100%\">\n<div class=\"wp-block-group\"><div class=\"wp-block-group__inner-container is-layout-flow wp-block-group-is-layout-flow\">\n<div class=\"wp-block-columns is-layout-flex wp-container-core-columns-is-layout-9d6595d7 wp-block-columns-is-layout-flex\">\n<div class=\"wp-block-column is-layout-flow wp-block-column-is-layout-flow\">\n<figure class=\"wp-block-image size-large is-resized\"><a href=\"https:\/\/www.kehrwieder-retriever.de\/wp-content\/uploads\/2020\/10\/IMG-20200612-WA0032.jpg\"><img loading=\"lazy\" decoding=\"async\" src=\"https:\/\/www.kehrwieder-retriever.de\/wp-content\/uploads\/2020\/10\/IMG-20200612-WA0032-768x1024.jpg\" alt=\"\" class=\"wp-image-1284\" width=\"282\" height=\"375\" srcset=\"https:\/\/www.kehrwieder-retriever.de\/wp-content\/uploads\/2020\/10\/IMG-20200612-WA0032.jpg 768w, https:\/\/www.kehrwieder-retriever.de\/wp-content\/uploads\/2020\/10\/IMG-20200612-WA0032-225x300.jpg 225w\" sizes=\"auto, (max-width: 282px) 100vw, 282px\" \/><\/a><\/figure>\n\n\n\n<p style=\"font-size:18px\"><\/p>\n<\/div>\n\n\n\n<div class=\"wp-block-column is-layout-flow wp-block-column-is-layout-flow\">\n<figure class=\"wp-block-image size-full is-resized\"><a href=\"https:\/\/www.kehrwieder-retriever.de\/wp-content\/uploads\/2020\/10\/IMG-20201012-WA0023.jpg\"><img loading=\"lazy\" decoding=\"async\" src=\"https:\/\/www.kehrwieder-retriever.de\/wp-content\/uploads\/2020\/10\/IMG-20201012-WA0023.jpg\" alt=\"\" class=\"wp-image-1306\" width=\"470\" height=\"339\" srcset=\"https:\/\/www.kehrwieder-retriever.de\/wp-content\/uploads\/2020\/10\/IMG-20201012-WA0023.jpg 491w, https:\/\/www.kehrwieder-retriever.de\/wp-content\/uploads\/2020\/10\/IMG-20201012-WA0023-300x217.jpg 300w\" sizes=\"auto, (max-width: 470px) 100vw, 470px\" \/><\/a><\/figure>\n<\/div>\n<\/div>\n<\/div><\/div>\n<\/div>\n<\/div>\n\n\n\n<figure class=\"wp-block-table\"><table><tbody><tr><td>Welpe<\/td><td>Markierung<\/td><td>Datum<\/td><td>Uhrzeit<\/td><td>Geschlecht<\/td><td>Farbe<\/td><td>Gewicht<\/td><td>Name<\/td><\/tr><tr><td>1<\/td><td>blau<\/td><td>09.11.<\/td><td>02:55<\/td><td>m\u00e4nnlich<\/td><td>gelb<\/td><td>260 g<\/td><td>Kehrwieder Carcassonne<\/td><\/tr><tr><td>2<\/td><td>rot<\/td><td>09.11.<\/td><td>3:48<\/td><td>m\u00e4nnlich<\/td><td>gelb<\/td><td>454 g<\/td><td>Kehrwieder Cornwall<\/td><\/tr><tr><td>3<\/td><td>hellgr\u00fcn<\/td><td>09.11.<\/td><td>4:07<\/td><td>m\u00e4nnlich<\/td><td>gelb<\/td><td>344 g<\/td><td>Kehrwieder Cajun<\/td><\/tr><tr><td>4<\/td><td>lila<\/td><td>09.11.<\/td><td>5:00<\/td><td>m\u00e4nnlich<\/td><td>gelb<\/td><td>440 g<\/td><td>Kehrwieder Cambridge<\/td><\/tr><tr><td>5<\/td><td>silber<\/td><td>09.11.<\/td><td>5:48<\/td><td>weiblich<\/td><td>gelb<\/td><td>390 g<\/td><td>Kehrwieder Camargue<\/td><\/tr><tr><td>6<\/td><td>pink<\/td><td>09.11.<\/td><td>6:08<\/td><td>weiblich<\/td><td>gelb<\/td><td>350 g<\/td><td>Kehrwieder Covent Garden<\/td><\/tr><tr><td>7<\/td><td>orange<\/td><td>09.11.<\/td><td>10:25<\/td><td>weiblich<\/td><td>gelb<\/td><td>360 g<\/td><td>Kehrwieder Campen<\/td><\/tr><tr><td>8<\/td><td>dunkelgr\u00fcn<\/td><td>09.11.<\/td><td>10:50<\/td><td>m\u00e4nnlich<\/td><td>gelb<\/td><td>222 g<\/td><td>Kehrwieder Canc\u00fan<\/td><\/tr><\/tbody><\/table><\/figure>\n\n\n\n<p>Die Ahnentafel f\u00fcr diesen Wurf finden sie hier<\/p>\n\n\n\n<p><a href=\"https:\/\/db.drc.de\/adr\/ahnen\/ahnen1.php?zbnr=2126483&amp;race=Labrador-Retriever\">https:\/\/db.drc.de\/adr\/ahnen\/ahnen1.php?zbnr=2126483&amp;race=Labrador-Retriever<\/a><\/p>\n\n\n\n<p>Hier ein paar Bilder aus den ersten Wochen:<\/p>\n\n\n\n<div class=\"wp-block-columns is-layout-flex wp-container-core-columns-is-layout-9d6595d7 wp-block-columns-is-layout-flex\">\n<div class=\"wp-block-column is-layout-flow wp-block-column-is-layout-flow\" style=\"flex-basis:100%\">\n<div class=\"wp-block-columns is-layout-flex wp-container-core-columns-is-layout-9d6595d7 wp-block-columns-is-layout-flex\">\n<div class=\"wp-block-column is-layout-flow wp-block-column-is-layout-flow\" style=\"flex-basis:100%\">\n<div class=\"wp-block-columns is-layout-flex wp-container-core-columns-is-layout-9d6595d7 wp-block-columns-is-layout-flex\">\n<div class=\"wp-block-column is-layout-flow wp-block-column-is-layout-flow\" style=\"flex-basis:100%\">\n<div class=\"wp-block-group\"><div class=\"wp-block-group__inner-container is-layout-flow wp-block-group-is-layout-flow\">\n<div class=\"wp-block-columns is-layout-flex wp-container-core-columns-is-layout-9d6595d7 wp-block-columns-is-layout-flex\">\n<div class=\"wp-block-column is-layout-flow wp-block-column-is-layout-flow\" style=\"flex-basis:100%\">\n<div class=\"wp-block-image\"><figure class=\"alignleft is-resized\"><img loading=\"lazy\" decoding=\"async\" src=\"https:\/\/www.kehrwieder-retriever.de\/wp-content\/uploads\/2022\/04\/20211110_122631-1024x768.jpg\" alt=\"\" class=\"wp-image-1395\" width=\"308\" height=\"231\" srcset=\"https:\/\/www.kehrwieder-retriever.de\/wp-content\/uploads\/2022\/04\/20211110_122631-1024x768.jpg 1024w, https:\/\/www.kehrwieder-retriever.de\/wp-content\/uploads\/2022\/04\/20211110_122631-300x225.jpg 300w, https:\/\/www.kehrwieder-retriever.de\/wp-content\/uploads\/2022\/04\/20211110_122631-768x576.jpg 768w, https:\/\/www.kehrwieder-retriever.de\/wp-content\/uploads\/2022\/04\/20211110_122631-1536x1152.jpg 1536w, https:\/\/www.kehrwieder-retriever.de\/wp-content\/uploads\/2022\/04\/20211110_122631-2048x1536.jpg 2048w\" sizes=\"auto, (max-width: 308px) 100vw, 308px\" \/><\/figure><\/div>\n\n\n\n<div class=\"wp-block-columns is-layout-flex wp-container-core-columns-is-layout-9d6595d7 wp-block-columns-is-layout-flex\">\n<div class=\"wp-block-column is-layout-flow wp-block-column-is-layout-flow\">\n<figure class=\"wp-block-image size-large is-resized\"><a href=\"https:\/\/www.kehrwieder-retriever.de\/wp-content\/uploads\/2022\/04\/20211110_133918-scaled.jpg\"><img loading=\"lazy\" decoding=\"async\" src=\"https:\/\/www.kehrwieder-retriever.de\/wp-content\/uploads\/2022\/04\/20211110_133918-768x1024.jpg\" alt=\"\" class=\"wp-image-1396\" width=\"197\" height=\"262\" srcset=\"https:\/\/www.kehrwieder-retriever.de\/wp-content\/uploads\/2022\/04\/20211110_133918-768x1024.jpg 768w, https:\/\/www.kehrwieder-retriever.de\/wp-content\/uploads\/2022\/04\/20211110_133918-225x300.jpg 225w, https:\/\/www.kehrwieder-retriever.de\/wp-content\/uploads\/2022\/04\/20211110_133918-1152x1536.jpg 1152w, https:\/\/www.kehrwieder-retriever.de\/wp-content\/uploads\/2022\/04\/20211110_133918-1536x2048.jpg 1536w, https:\/\/www.kehrwieder-retriever.de\/wp-content\/uploads\/2022\/04\/20211110_133918-scaled.jpg 1920w\" sizes=\"auto, (max-width: 197px) 100vw, 197px\" \/><\/a><\/figure>\n<\/div>\n\n\n\n<div class=\"wp-block-column is-layout-flow wp-block-column-is-layout-flow\">\n<figure class=\"wp-block-image size-large is-resized\"><a href=\"https:\/\/www.kehrwieder-retriever.de\/wp-content\/uploads\/2022\/04\/20211114_103543-scaled.jpg\"><img loading=\"lazy\" decoding=\"async\" src=\"https:\/\/www.kehrwieder-retriever.de\/wp-content\/uploads\/2022\/04\/20211114_103543-1024x768.jpg\" alt=\"\" class=\"wp-image-1398\" width=\"352\" height=\"264\" srcset=\"https:\/\/www.kehrwieder-retriever.de\/wp-content\/uploads\/2022\/04\/20211114_103543-1024x768.jpg 1024w, https:\/\/www.kehrwieder-retriever.de\/wp-content\/uploads\/2022\/04\/20211114_103543-300x225.jpg 300w, https:\/\/www.kehrwieder-retriever.de\/wp-content\/uploads\/2022\/04\/20211114_103543-768x576.jpg 768w, https:\/\/www.kehrwieder-retriever.de\/wp-content\/uploads\/2022\/04\/20211114_103543-1536x1152.jpg 1536w, https:\/\/www.kehrwieder-retriever.de\/wp-content\/uploads\/2022\/04\/20211114_103543-2048x1536.jpg 2048w\" sizes=\"auto, (max-width: 352px) 100vw, 352px\" \/><\/a><\/figure>\n<\/div>\n<\/div>\n<\/div>\n<\/div>\n<\/div><\/div>\n<\/div>\n<\/div>\n\n\n\n<div class=\"wp-block-columns is-layout-flex wp-container-core-columns-is-layout-9d6595d7 wp-block-columns-is-layout-flex\">\n<div class=\"wp-block-column is-layout-flow wp-block-column-is-layout-flow\" style=\"flex-basis:100%\"><\/div>\n<\/div>\n\n\n\n<div class=\"wp-block-columns is-layout-flex wp-container-core-columns-is-layout-9d6595d7 wp-block-columns-is-layout-flex\">\n<div class=\"wp-block-column is-layout-flow wp-block-column-is-layout-flow\">\n<figure class=\"wp-block-image size-large\"><a href=\"https:\/\/www.kehrwieder-retriever.de\/wp-content\/uploads\/2022\/04\/20211110_153926-scaled.jpg\"><img loading=\"lazy\" decoding=\"async\" width=\"1024\" height=\"768\" src=\"https:\/\/www.kehrwieder-retriever.de\/wp-content\/uploads\/2022\/04\/20211110_153926-1024x768.jpg\" alt=\"\" class=\"wp-image-1397\" srcset=\"https:\/\/www.kehrwieder-retriever.de\/wp-content\/uploads\/2022\/04\/20211110_153926-1024x768.jpg 1024w, https:\/\/www.kehrwieder-retriever.de\/wp-content\/uploads\/2022\/04\/20211110_153926-300x225.jpg 300w, https:\/\/www.kehrwieder-retriever.de\/wp-content\/uploads\/2022\/04\/20211110_153926-768x576.jpg 768w, https:\/\/www.kehrwieder-retriever.de\/wp-content\/uploads\/2022\/04\/20211110_153926-1536x1152.jpg 1536w, https:\/\/www.kehrwieder-retriever.de\/wp-content\/uploads\/2022\/04\/20211110_153926-2048x1536.jpg 2048w\" sizes=\"auto, (max-width: 1024px) 100vw, 1024px\" \/><\/a><\/figure>\n<\/div>\n\n\n\n<div class=\"wp-block-column is-layout-flow wp-block-column-is-layout-flow\">\n<figure class=\"wp-block-image size-large\"><a href=\"https:\/\/www.kehrwieder-retriever.de\/wp-content\/uploads\/2022\/04\/20211114_152708-scaled.jpg\"><img loading=\"lazy\" decoding=\"async\" width=\"1024\" height=\"768\" src=\"https:\/\/www.kehrwieder-retriever.de\/wp-content\/uploads\/2022\/04\/20211114_152708-1024x768.jpg\" alt=\"\" class=\"wp-image-1400\" srcset=\"https:\/\/www.kehrwieder-retriever.de\/wp-content\/uploads\/2022\/04\/20211114_152708-1024x768.jpg 1024w, https:\/\/www.kehrwieder-retriever.de\/wp-content\/uploads\/2022\/04\/20211114_152708-300x225.jpg 300w, https:\/\/www.kehrwieder-retriever.de\/wp-content\/uploads\/2022\/04\/20211114_152708-768x576.jpg 768w, https:\/\/www.kehrwieder-retriever.de\/wp-content\/uploads\/2022\/04\/20211114_152708-1536x1152.jpg 1536w, https:\/\/www.kehrwieder-retriever.de\/wp-content\/uploads\/2022\/04\/20211114_152708-2048x1536.jpg 2048w\" sizes=\"auto, (max-width: 1024px) 100vw, 1024px\" \/><\/a><\/figure>\n<\/div>\n<\/div>\n<\/div>\n<\/div>\n<\/div>\n<\/div>\n\n\n\n<div class=\"wp-block-columns is-layout-flex wp-container-core-columns-is-layout-9d6595d7 wp-block-columns-is-layout-flex\">\n<div class=\"wp-block-column is-layout-flow wp-block-column-is-layout-flow\" style=\"flex-basis:100%\">\n<div class=\"wp-block-columns is-layout-flex wp-container-core-columns-is-layout-9d6595d7 wp-block-columns-is-layout-flex\">\n<div class=\"wp-block-column is-layout-flow wp-block-column-is-layout-flow\" style=\"flex-basis:100%\"><\/div>\n<\/div>\n<\/div>\n<\/div>\n","protected":false},"excerpt":{"rendered":"<p>geboren am 09.11.2021 5 R\u00fcden und 3 H\u00fcndinnen (alle gelb) aus Loreca&#8217;s Curie X Dark Moor&#8217;s Chervil Welpe Markierung Datum Uhrzeit Geschlecht Farbe Gewicht Name 1 blau 09.11. 02:55 m\u00e4nnlich gelb 260 g Kehrwieder Carcassonne 2 rot 09.11. 3:48 m\u00e4nnlich gelb 454 g Kehrwieder Cornwall 3 hellgr\u00fcn 09.11. 4:07 m\u00e4nnlich gelb 344 g Kehrwieder Cajun &hellip; <\/p>\n<p><a class=\"more-link block-button\" href=\"https:\/\/www.kehrwieder-retriever.de\/?page_id=1348\">Weiterlesen &raquo;<\/a><\/p>\n","protected":false},"author":1,"featured_media":0,"parent":807,"menu_order":0,"comment_status":"closed","ping_status":"closed","template":"","meta":{"footnotes":""},"class_list":["post-1348","page","type-page","status-publish","hentry","nodate"],"_links":{"self":[{"href":"https:\/\/www.kehrwieder-retriever.de\/index.php?rest_route=\/wp\/v2\/pages\/1348","targetHints":{"allow":["GET"]}}],"collection":[{"href":"https:\/\/www.kehrwieder-retriever.de\/index.php?rest_route=\/wp\/v2\/pages"}],"about":[{"href":"https:\/\/www.kehrwieder-retriever.de\/index.php?rest_route=\/wp\/v2\/types\/page"}],"author":[{"embeddable":true,"href":"https:\/\/www.kehrwieder-retriever.de\/index.php?rest_route=\/wp\/v2\/users\/1"}],"replies":[{"embeddable":true,"href":"https:\/\/www.kehrwieder-retriever.de\/index.php?rest_route=%2Fwp%2Fv2%2Fcomments&post=1348"}],"version-history":[{"count":12,"href":"https:\/\/www.kehrwieder-retriever.de\/index.php?rest_route=\/wp\/v2\/pages\/1348\/revisions"}],"predecessor-version":[{"id":1488,"href":"https:\/\/www.kehrwieder-retriever.de\/index.php?rest_route=\/wp\/v2\/pages\/1348\/revisions\/1488"}],"up":[{"embeddable":true,"href":"https:\/\/www.kehrwieder-retriever.de\/index.php?rest_route=\/wp\/v2\/pages\/807"}],"wp:attachment":[{"href":"https:\/\/www.kehrwieder-retriever.de\/index.php?rest_route=%2Fwp%2Fv2%2Fmedia&parent=1348"}],"curies":[{"name":"wp","href":"https:\/\/api.w.org\/{rel}","templated":true}]}}